{"id":112,"date":"2020-06-03T17:18:45","date_gmt":"2020-06-03T15:18:45","guid":{"rendered":"https:\/\/www.faitesdelascience.com\/?page_id=112"},"modified":"2026-03-09T14:17:55","modified_gmt":"2026-03-09T13:17:55","slug":"finales-locales","status":"publish","type":"page","link":"https:\/\/www.faitesdelascience.com\/?page_id=112","title":{"rendered":"Finales locales"},"content":{"rendered":"<p><strong>Liste des universit\u00e9s participantes et dates des forums locaux pour l\u2019ann\u00e9e 2025-2026<br \/><\/strong><em>Les informations sont affich\u00e9es au fur et \u00e0 mesure.<\/em><\/p>\n<p><strong>Universit\u00e9 de Poitiers et La Rochelle Universit\u00e9<\/strong> (2 laur\u00e9ats)<br \/>25 mars 2026<br \/><a href=\"https:\/\/sfa.univ-poitiers.fr\/concours-faites-de-la-science-2026\/\">+ d&rsquo;info (Poitiers)<\/a><br \/><a href=\"https:\/\/www.univ-larochelle.fr\/evenements\/concours-faites-de-la-sciences-2026\/\">+ d&rsquo;info (La Rochelle)<\/a><\/p>\n<p><strong>Universit\u00e9 de Bourgogne<\/strong> (1 laur\u00e9at)<br \/>1er avril 2026<br \/><a href=\"https:\/\/sciences-techniques.ube.fr\/faites-de-la-science\">+ d&rsquo;info<\/a><\/p>\n<p><strong>Universit\u00e9 Jean Monnet de Saint-Etienne<\/strong> (1 laur\u00e9at)<br \/>1er avril 2026<\/p>\n<p><strong>Universit\u00e9 de Limoges<\/strong> (1 laur\u00e9at)<br \/>1er avril 2026<\/p>\n<p><strong>Universit\u00e9 de Montpellier<\/strong> (1 laur\u00e9at)<br \/>1er avril 2026<\/p>\n<p><strong>Universit\u00e9 de Nantes<\/strong> (1 laur\u00e9at)<br \/>1er avril 2026<\/p>\n<p><strong>Universit\u00e9 de Toulouse<\/strong> (1 laur\u00e9at)<br \/>1er avril 2026<\/p>\n<p><strong>Universit\u00e9 de Perpignan Via Domitia<\/strong> (1 laur\u00e9at)<br \/>8 avril 2026<br \/><a href=\"https:\/\/operation-science.univ-perp.fr\/concours-faites-de-la-science\">+ d&rsquo;info<\/a><\/p>\n<p><strong>Universit\u00e9 de Bretagne Occidentale<\/strong> (1 laur\u00e9at)<br \/>9 avril 2026<br \/><a href=\"https:\/\/nouveau.univ-brest.fr\/faculte-sciences\/fr\/actualite\/concours-regional-faites-de-la-science-2026\">+ d&rsquo;info<\/a><\/p>\n<p><strong>Universit\u00e9 de Lorraine<\/strong> (1 laur\u00e9at)<br \/>9 avril 2026<br \/><a href=\"https:\/\/scifa.univ-lorraine.fr\/evenements\/concours-faites-de-la-science\">+ d&rsquo;info (UFR Sciences fondamentales et appliqu\u00e9es)<\/a><br \/><a href=\"https:\/\/mim.univ-lorraine.fr\/lufr-mim-actrice-de-faites-de-la-science\/\">+ d&rsquo;info (UFR Math\u00e9matiques Informatique M\u00e9canique)<\/a><\/p>\n<p><strong>Universit\u00e9 Paris-Est Cr\u00e9teil<\/strong> (1 laur\u00e9at)<br \/>9 avril 2026<br \/><a href=\"https:\/\/sciences-tech.u-pec.fr\/la-faculte\/actualites\/forum-regional-du-concours-faites-de-la-science-2026\">+ d&rsquo;info<\/a><\/p>\n<p><strong>Universit\u00e9 de Corse<\/strong> (1 laur\u00e9at)<br \/>10 avril 2026<\/p>\n<p><strong>Universit\u00e9 Haute-Alsace <\/strong>(1 laur\u00e9at)<br \/>29 avril 2026<br \/><a href=\"https:\/\/www.fst.uha.fr\/index.php\/concours-regional-faites-de-la-science\/\">+ d&rsquo;info<\/a><\/p>\n<p><strong>Universit\u00e9 de Lille<\/strong> (1 laur\u00e9at)<strong><br \/><\/strong>29 avril 2026<br \/><a href=\"https:\/\/sciences-technologies.univ-lille.fr\/actualite\/concours-faites-de-la-science-2026\">+ d&rsquo;info<\/a><\/p>\n<p><strong>Universit\u00e9 de Picardie Jules Verne<\/strong> (1 laur\u00e9at)<br \/>29 avril 2026<br \/><a href=\"https:\/\/sciences.u-picardie.fr\/concours-faites-science\">+ d&rsquo;info<\/a><\/p>\n<p><strong>Aix-Marseille Universit\u00e9 <\/strong>(1 laur\u00e9at)<br \/>30 avril 2026<br \/><a href=\"https:\/\/sciences.univ-amu.fr\/fr\/concours-faites-de-la-science\">+ d&rsquo;info<\/a><\/p>\n<p><strong>Universit\u00e9 de Toulon<\/strong> (1 laur\u00e9at)<br \/>30 avril 2026<\/p>\n\n\n<p><\/p>\n\n\n\n<p><br><br><br><br><\/p>\n","protected":false},"excerpt":{"rendered":"<p>Liste des universit\u00e9s participantes et dates des forums locaux pour l\u2019ann\u00e9e 2025-2026Les informations sont affich\u00e9es au fur et \u00e0 mesure. Universit\u00e9 de Poitiers et La Rochelle Universit\u00e9 (2 laur\u00e9ats)25 mars 2026+ d&rsquo;info (Poitiers)+ d&rsquo;info (La Rochelle) Universit\u00e9 de Bourgogne (1 laur\u00e9at)1er avril 2026+ d&rsquo;info Universit\u00e9 Jean Monnet de Saint-Etienne (1 laur\u00e9at)1er avril 2026 Universit\u00e9 de [&hellip;]<\/p>\n","protected":false},"author":2,"featured_media":0,"parent":0,"menu_order":0,"comment_status":"closed","ping_status":"closed","template":"","meta":{"footnotes":""},"_links":{"self":[{"href":"https:\/\/www.faitesdelascience.com\/index.php?rest_route=\/wp\/v2\/pages\/112"}],"collection":[{"href":"https:\/\/www.faitesdelascience.com\/index.php?rest_route=\/wp\/v2\/pages"}],"about":[{"href":"https:\/\/www.faitesdelascience.com\/index.php?rest_route=\/wp\/v2\/types\/page"}],"author":[{"embeddable":true,"href":"https:\/\/www.faitesdelascience.com\/index.php?rest_route=\/wp\/v2\/users\/2"}],"replies":[{"embeddable":true,"href":"https:\/\/www.faitesdelascience.com\/index.php?rest_route=%2Fwp%2Fv2%2Fcomments&post=112"}],"version-history":[{"count":98,"href":"https:\/\/www.faitesdelascience.com\/index.php?rest_route=\/wp\/v2\/pages\/112\/revisions"}],"predecessor-version":[{"id":1183,"href":"https:\/\/www.faitesdelascience.com\/index.php?rest_route=\/wp\/v2\/pages\/112\/revisions\/1183"}],"wp:attachment":[{"href":"https:\/\/www.faitesdelascience.com\/index.php?rest_route=%2Fwp%2Fv2%2Fmedia&parent=112"}],"curies":[{"name":"wp","href":"https:\/\/api.w.org\/{rel}","templated":true}]}}