{"id":1131,"date":"2025-07-01T14:57:58","date_gmt":"2025-07-01T12:57:58","guid":{"rendered":"https:\/\/www.faitesdelascience.com\/?page_id=1131"},"modified":"2026-04-16T14:16:40","modified_gmt":"2026-04-16T12:16:40","slug":"projets-qualifies-en-2025-2026","status":"publish","type":"page","link":"https:\/\/www.faitesdelascience.com\/?page_id=1131","title":{"rendered":"Projets qualifi\u00e9s en 2025-2026"},"content":{"rendered":"\n<p>Les informations seront affich\u00e9es au fur et \u00e0 mesure des r\u00e9sultats des finales r\u00e9gionales (\u00e0 partir de mars 2026).<\/p>\n\n\n\n<p><strong>Universit\u00e9 de Poitiers<\/strong><br>Projet \u00ab\u00a0Un coeur pas comme les autres\u00a0\u00bb &#8211; Coll\u00e8ge Ren\u00e9 Cassin de L&rsquo;Isle Jourdain (86) <\/p>\n\n\n\n<p><strong>Universit\u00e9 de La Rochelle<\/strong><br>Projet \u00ab\u00a0Plouf ou plop\u00a0\u00bb &#8211; Coll\u00e8ge Pierre Loti de Rochefort (17)<\/p>\n\n\n\n<p><strong>Universit\u00e9 de Bourgogne<\/strong><br>Projet \u00ab\u00a0Quels param\u00e8tres influencent la production d&rsquo;\u00e9nergie \u00e9lectrique d&rsquo;une \u00e9olienne ?\u00a0\u00bb &#8211; Coll\u00e8ge Jean Moulin de Marcigny (71)<\/p>\n\n\n\n<p><strong>Universit\u00e9 Jean Monnet de Saint-Etienne<\/strong><br>Projet \u00a0\u00bb Les esp\u00e8ces exotiques envahissantes dans le lac L\u00e9man : cas de la moule Quagga\u00a0\u00bb &#8211; Coll\u00e8ge Th\u00e9odore Monod de Margencel (74)<\/p>\n\n\n\n<p><strong>Universit\u00e9 de Limoges<\/strong><br>Projet \u00ab\u00a0Passage pi\u00e9ton intelligent : innover pour prot\u00e9ger les usagers\u00a0\u00bb &#8211; Coll\u00e8ge Martin Nadaud de Gu\u00e9ret (23) <\/p>\n\n\n\n<p><strong>Universit\u00e9 de Montpellier<\/strong><br>Projet \u00ab\u00a0Les rideaux de bulles\u00a0\u00bb &#8211; Coll\u00e8ge Antoine Courri\u00e8re de Cuxac-Cabard\u00e8s (11)<\/p>\n\n\n\n<p><strong>Universit\u00e9 de Nantes<\/strong><br>Projet \u00ab\u00a0Comment sait-on que l&rsquo;atome existe ?\u00a0\u00bb &#8211; Lyc\u00e9e Douanier Rousseau de Laval (53)<\/p>\n\n\n\n<p><strong>Universit\u00e9 de Toulouse<\/strong><br>Projet \u00ab\u00a0Feu vert\u00a0\u00bb &#8211; Coll\u00e8ge Lucie Aubrac de Rieupeyroux (12)<\/p>\n\n\n\n<p><strong>Universit\u00e9 de Perpignan via Domitia<\/strong><br>Projet \u00ab\u00a0Arbre solaire : r\u00e9alisation de la partie \u00ab\u00a0Solar tracking\u00a0\u00bb &#8211; Lyc\u00e9e Arago de Perpignan (66)<\/p>\n\n\n\n<p><strong>Universit\u00e9 de<\/strong> B<strong>retagne occidentale<\/strong><br>Projet \u00ab\u00a0Peut-on mettre le bruit en bo\u00eete ?\u00a0\u00bb &#8211; Coll\u00e8ge Charles Le Goffic de Lannion (22) <\/p>\n\n\n\n<p><strong>Universit\u00e9 de Lorraine<\/strong><br>Projet \u00ab\u00a0Je ne peux pas, j&rsquo;ai aquaponie !\u00a0\u00bb &#8211; Coll\u00e8ge Jean Lur\u00e7at de Frouard (54)<\/p>\n\n\n\n<p><strong>Universit\u00e9 de Paris-Est Cr\u00e9teil (UPEC)<\/strong><br>Projet \u00ab\u00a0Des v\u00eatements avec des cheveux : ne serait-ce pas merveilleux ?\u00a0\u00bb &#8211; Coll\u00e8ge Moli\u00e8re de Chennevi\u00e8res-sur-Marne (94)<\/p>\n\n\n\n<p><strong>Universit\u00e9 de Corse<\/strong><br>Projet \u00ab\u00a0Chitosane marin, comment valoriser une esp\u00e8ce invasive ?\u00a0\u00bb &#8211; Lyc\u00e9e Fesch d&rsquo;Ajaccio (Corse-du-Sud)<\/p>\n\n\n\n<p><strong>Universit\u00e9 Haute-Alsace<\/strong><br>A venir<\/p>\n\n\n\n<p><strong>Universit\u00e9 de Picardie Jules Verne<\/strong><br>A venir<\/p>\n\n\n\n<p><strong>Aix-Marseille Universit\u00e9 <\/strong><br>A venir <\/p>\n\n\n\n<p><strong>Universit\u00e9 de Toulon<\/strong><br>A venir<\/p>\n\n\n\n<p><\/p>\n\n\n\n<p><br> <\/p>\n\n\n\n<p><a href=\"https:\/\/www.faitesdelascience.com\/?page_id=965\" data-type=\"page\" data-id=\"965\">Revoir les r\u00e9sultats de la 18e \u00e9dition (2024-2025)<\/a><br><a href=\"https:\/\/www.faitesdelascience.com\/?page_id=122\">Revoir les r\u00e9sultats de la 17e \u00e9dition (2023-2024)<\/a><br><a href=\"https:\/\/www.faitesdelascience.com\/?page_id=725\">Revoir les r\u00e9sultats de la 16e \u00e9dition (2022-2023)<\/a><br><a href=\"https:\/\/www.faitesdelascience.com\/?page_id=438\">Revoir les r\u00e9sultats de la 15e \u00e9dition (2021-2022)<\/a><\/p>\n","protected":false},"excerpt":{"rendered":"<p>Les informations seront affich\u00e9es au fur et \u00e0 mesure des r\u00e9sultats des finales r\u00e9gionales (\u00e0 partir de mars 2026). Universit\u00e9 de PoitiersProjet \u00ab\u00a0Un coeur pas comme les autres\u00a0\u00bb &#8211; Coll\u00e8ge Ren\u00e9 Cassin de L&rsquo;Isle Jourdain (86) Universit\u00e9 de La RochelleProjet \u00ab\u00a0Plouf ou plop\u00a0\u00bb &#8211; Coll\u00e8ge Pierre Loti de Rochefort (17) Universit\u00e9 de BourgogneProjet \u00ab\u00a0Quels param\u00e8tres [&hellip;]<\/p>\n","protected":false},"author":2,"featured_media":0,"parent":0,"menu_order":0,"comment_status":"closed","ping_status":"closed","template":"","meta":{"footnotes":""},"_links":{"self":[{"href":"https:\/\/www.faitesdelascience.com\/index.php?rest_route=\/wp\/v2\/pages\/1131"}],"collection":[{"href":"https:\/\/www.faitesdelascience.com\/index.php?rest_route=\/wp\/v2\/pages"}],"about":[{"href":"https:\/\/www.faitesdelascience.com\/index.php?rest_route=\/wp\/v2\/types\/page"}],"author":[{"embeddable":true,"href":"https:\/\/www.faitesdelascience.com\/index.php?rest_route=\/wp\/v2\/users\/2"}],"replies":[{"embeddable":true,"href":"https:\/\/www.faitesdelascience.com\/index.php?rest_route=%2Fwp%2Fv2%2Fcomments&post=1131"}],"version-history":[{"count":13,"href":"https:\/\/www.faitesdelascience.com\/index.php?rest_route=\/wp\/v2\/pages\/1131\/revisions"}],"predecessor-version":[{"id":1201,"href":"https:\/\/www.faitesdelascience.com\/index.php?rest_route=\/wp\/v2\/pages\/1131\/revisions\/1201"}],"wp:attachment":[{"href":"https:\/\/www.faitesdelascience.com\/index.php?rest_route=%2Fwp%2Fv2%2Fmedia&parent=1131"}],"curies":[{"name":"wp","href":"https:\/\/api.w.org\/{rel}","templated":true}]}}