{"id":96,"date":"2020-06-03T14:17:54","date_gmt":"2020-06-03T12:17:54","guid":{"rendered":"https:\/\/www.faitesdelascience.com\/?page_id=96"},"modified":"2025-07-01T12:03:29","modified_gmt":"2025-07-01T10:03:29","slug":"dossier-de-candidature","status":"publish","type":"page","link":"https:\/\/www.faitesdelascience.com\/?page_id=96","title":{"rendered":"Dossier de candidature"},"content":{"rendered":"\n<p>Un seul et m\u00eame dossier de candidature doit \u00eatre utilis\u00e9 par les universit\u00e9s participant au concours \u00ab\u00a0Faites de la science\u00a0\u00bb. Il est de leur ressort de le transmettre aux \u00e9tablissements d&rsquo;enseignement secondaire, soit spontan\u00e9ment soit \u00e0 la demande de ces derniers.<\/p>\n\n\n\n<p>Avant envoi, il doit \u00eatre compl\u00e9t\u00e9 des informations utiles.<\/p>\n\n\n\n<p><strong>A TELECHARGER<\/strong><\/p>\n\n\n\n<p><a href=\"https:\/\/www.faitesdelascience.com\/wp-content\/uploads\/2025\/07\/Dossier-de-candidature-2025-2026-organisateurs-locaux.doc\">Dossier-de-candidature-2025-2026-organisateurs-locaux<\/a> &#8211; format word<br><a href=\"https:\/\/www.faitesdelascience.com\/wp-content\/uploads\/2025\/07\/Dossier-de-candidature-2025-2026-organisateurs-locaux.pdf\">Dossier-de-candidature-2025-2026-organisateurs-locaux<\/a> &#8211; format pdf<\/p>\n\n\n\n<p><\/p>\n\n\n\n<p><\/p>\n","protected":false},"excerpt":{"rendered":"<p>Un seul et m\u00eame dossier de candidature doit \u00eatre utilis\u00e9 par les universit\u00e9s participant au concours \u00ab\u00a0Faites de la science\u00a0\u00bb. Il est de leur ressort de le transmettre aux \u00e9tablissements d&rsquo;enseignement secondaire, soit spontan\u00e9ment soit \u00e0 la demande de ces derniers. Avant envoi, il doit \u00eatre compl\u00e9t\u00e9 des informations utiles. A TELECHARGER Dossier-de-candidature-2025-2026-organisateurs-locaux &#8211; format [&hellip;]<\/p>\n","protected":false},"author":2,"featured_media":0,"parent":0,"menu_order":0,"comment_status":"closed","ping_status":"closed","template":"","meta":{"footnotes":""},"_links":{"self":[{"href":"https:\/\/www.faitesdelascience.com\/index.php?rest_route=\/wp\/v2\/pages\/96"}],"collection":[{"href":"https:\/\/www.faitesdelascience.com\/index.php?rest_route=\/wp\/v2\/pages"}],"about":[{"href":"https:\/\/www.faitesdelascience.com\/index.php?rest_route=\/wp\/v2\/types\/page"}],"author":[{"embeddable":true,"href":"https:\/\/www.faitesdelascience.com\/index.php?rest_route=\/wp\/v2\/users\/2"}],"replies":[{"embeddable":true,"href":"https:\/\/www.faitesdelascience.com\/index.php?rest_route=%2Fwp%2Fv2%2Fcomments&post=96"}],"version-history":[{"count":19,"href":"https:\/\/www.faitesdelascience.com\/index.php?rest_route=\/wp\/v2\/pages\/96\/revisions"}],"predecessor-version":[{"id":1116,"href":"https:\/\/www.faitesdelascience.com\/index.php?rest_route=\/wp\/v2\/pages\/96\/revisions\/1116"}],"wp:attachment":[{"href":"https:\/\/www.faitesdelascience.com\/index.php?rest_route=%2Fwp%2Fv2%2Fmedia&parent=96"}],"curies":[{"name":"wp","href":"https:\/\/api.w.org\/{rel}","templated":true}]}}